{"id":3877,"date":"2023-12-07T14:05:57","date_gmt":"2023-12-07T13:05:57","guid":{"rendered":"https:\/\/www.cavarovellats.com\/?post_type=product&#038;p=3877"},"modified":"2025-12-10T09:14:38","modified_gmt":"2025-12-10T08:14:38","slug":"rovellats-solidario","status":"publish","type":"product","link":"https:\/\/www.cavarovellats.com\/es\/producto\/rovellats-solidario\/","title":{"rendered":"Rovellats Solidario Reserva Brut 2023"},"content":{"rendered":"<div>Esta iniciativa, que combina cultura, m\u00fasica y solidaridad, no s\u00f3lo ofrece un cava excepcional Reserva 2023 Brut, sino que dedicar\u00e1 el beneficio que se obtenga por la compra de cada botella en el programa \u201c <strong>Autismo con Futuro<\/strong> \u201d.<\/div>\n<div><\/div>\n<div><strong>FICHA T\u00c9CNICA ROVELLATS SOLIDARIO<\/strong><\/div>\n<div>\n<p><strong>Denominaci\u00f3n de origen<\/strong> : DO CAVA, Condados de Barcelona, \u200b\u200bSubzona Valls de Anoia &#8211; Foix<br \/>\n<strong>Tipo de botella<\/strong> : Champagne 75 cl, 37.5 cl.<br \/>\n<strong>Crianza m\u00ednima<\/strong>: 24 meses<br \/>\n<strong>Cosecha<\/strong> : 2023<br \/>\n<strong>Temperatura de servicio<\/strong> : 4 \u00baC &#8211; 6 \u00baC<br \/>\n<strong>Coupage<\/strong> : 65% Macabeo, 20% Xarel\u00b7lo, 15% Parellada.<br \/>\n<strong>1\u00aa Fermentaci\u00f3n<\/strong> : 13 \u00baC en dep\u00f3sitos de acero inoxidable.<br \/>\n<strong>2\u00aa Fermentaci\u00f3n<\/strong> : Temperatura natural y constante de 13 \u00baC en las cavas subterr\u00e1neas.<\/p>\n<p><strong>Notas de Cata<\/strong> : Color amarillo pajizo brillante con ligeros tonos dorados. Burbuja abundante y peque\u00f1a, con buen desprendimiento vertical y regular. Forma buena corona. Intenso y limpio aroma de crianza sobre madres y fondo afrutado. Muy sabroso con elegante paso de boca gracias a un logrado equilibrio. Buena persistencia y amplia v\u00eda retronasal con tonos frutales bien armonizados, que recuerdan a las manzanas frescas.<br \/>\n<strong>Maridaje<\/strong> : Verduras de temporada salteadas o al grill, entrantes de pasta fresca, pescados o marisco. Viandas blancas cocinadas o asadas. <\/p>\n<\/div>\n","protected":false},"excerpt":{"rendered":"<p>Rovellats y el Festival Musicveu colaboran con \u00abAutismo con Futuro\u00bb<\/p>\n<p><strong>ROVELLATS Solidario Reserva Brut 2023<\/strong><\/p>\n<p><strong>Denominaci\u00f3n de origen<\/strong> : DO Cava<br \/>\n<strong>Crianza m\u00ednima<\/strong> : 24 meses<br \/>\n<strong>Cosecha<\/strong> : 2023<br \/>\nTemperatura de servicio: de 4\u00baC a 6\u00baC<br \/>\n<strong>Coupage<\/strong> : 65% Macabeo, 20% Xarel\u00b7lo y 15% Parellada.<\/p>\n","protected":false},"featured_media":7529,"template":"","meta":{"inline_featured_image":false,"_monsterinsights_skip_tracking":false,"_monsterinsights_sitenote_active":false,"_monsterinsights_sitenote_note":"","_monsterinsights_sitenote_category":0},"product_brand":[],"product_cat":[32],"product_tag":[],"class_list":{"0":"post-3877","1":"product","2":"type-product","3":"status-publish","4":"has-post-thumbnail","6":"product_cat-cavas","8":"first","9":"instock","10":"taxable","11":"shipping-taxable","12":"purchasable","13":"product-type-variable"},"booking_location":null,"booking_location_type":null,"booking_duration":null,"booking_duration_unit":null,"booking_buffer":null,"booking_cost":null,"booking_resources":null,"yoast_head":"<!-- This site is optimized with the Yoast SEO plugin v27.5 - https:\/\/yoast.com\/product\/yoast-seo-wordpress\/ -->\n<title>Rovellats Solidario Reserva Brut 2023 - Cava Rovellats<\/title>\n<meta name=\"robots\" content=\"index, follow, max-snippet:-1, max-image-preview:large, max-video-preview:-1\" \/>\n<link rel=\"canonical\" href=\"https:\/\/www.cavarovellats.com\/es\/producto\/rovellats-solidario\/\" \/>\n<meta property=\"og:locale\" content=\"es_ES\" \/>\n<meta property=\"og:type\" content=\"article\" \/>\n<meta property=\"og:title\" content=\"Rovellats Solidario Reserva Brut 2023 - Cava Rovellats\" \/>\n<meta property=\"og:description\" content=\"Rovellats y el Festival Musicveu colaboran con &quot;Autismo con Futuro&quot; ROVELLATS Solidario Reserva Brut 2023 Denominaci\u00f3n de origen : DO Cava Crianza m\u00ednima : 24 meses Cosecha : 2023 Temperatura de servicio: de 4\u00baC a 6\u00baC Coupage : 65% Macabeo, 20% Xarel\u00b7lo y 15% Parellada.\" \/>\n<meta property=\"og:url\" content=\"https:\/\/www.cavarovellats.com\/es\/producto\/rovellats-solidario\/\" \/>\n<meta property=\"og:site_name\" content=\"Cava Rovellats\" \/>\n<meta property=\"article:modified_time\" content=\"2025-12-10T08:14:38+00:00\" \/>\n<meta property=\"og:image\" content=\"https:\/\/www.cavarovellats.com\/wp-content\/uploads\/2023\/12\/rovellats_solidari.jpg\" \/>\n\t<meta property=\"og:image:width\" content=\"600\" \/>\n\t<meta property=\"og:image:height\" content=\"900\" \/>\n\t<meta property=\"og:image:type\" content=\"image\/jpeg\" \/>\n<meta name=\"twitter:card\" content=\"summary_large_image\" \/>\n<meta name=\"twitter:label1\" content=\"Tiempo de lectura\" \/>\n\t<meta name=\"twitter:data1\" content=\"1 minuto\" \/>\n<script type=\"application\/ld+json\" class=\"yoast-schema-graph\">{\"@context\":\"https:\\\/\\\/schema.org\",\"@graph\":[{\"@type\":\"WebPage\",\"@id\":\"https:\\\/\\\/www.cavarovellats.com\\\/es\\\/producto\\\/rovellats-solidario\\\/\",\"url\":\"https:\\\/\\\/www.cavarovellats.com\\\/es\\\/producto\\\/rovellats-solidario\\\/\",\"name\":\"Rovellats Solidario Reserva Brut 2023 - Cava Rovellats\",\"isPartOf\":{\"@id\":\"https:\\\/\\\/www.cavarovellats.com\\\/es\\\/#website\"},\"primaryImageOfPage\":{\"@id\":\"https:\\\/\\\/www.cavarovellats.com\\\/es\\\/producto\\\/rovellats-solidario\\\/#primaryimage\"},\"image\":{\"@id\":\"https:\\\/\\\/www.cavarovellats.com\\\/es\\\/producto\\\/rovellats-solidario\\\/#primaryimage\"},\"thumbnailUrl\":\"https:\\\/\\\/www.cavarovellats.com\\\/wp-content\\\/uploads\\\/2023\\\/12\\\/rovellats_solidari.jpg\",\"datePublished\":\"2023-12-07T13:05:57+00:00\",\"dateModified\":\"2025-12-10T08:14:38+00:00\",\"breadcrumb\":{\"@id\":\"https:\\\/\\\/www.cavarovellats.com\\\/es\\\/producto\\\/rovellats-solidario\\\/#breadcrumb\"},\"inLanguage\":\"es\",\"potentialAction\":[{\"@type\":\"ReadAction\",\"target\":[\"https:\\\/\\\/www.cavarovellats.com\\\/es\\\/producto\\\/rovellats-solidario\\\/\"]}]},{\"@type\":\"ImageObject\",\"inLanguage\":\"es\",\"@id\":\"https:\\\/\\\/www.cavarovellats.com\\\/es\\\/producto\\\/rovellats-solidario\\\/#primaryimage\",\"url\":\"https:\\\/\\\/www.cavarovellats.com\\\/wp-content\\\/uploads\\\/2023\\\/12\\\/rovellats_solidari.jpg\",\"contentUrl\":\"https:\\\/\\\/www.cavarovellats.com\\\/wp-content\\\/uploads\\\/2023\\\/12\\\/rovellats_solidari.jpg\",\"width\":600,\"height\":900,\"caption\":\"oxidados_solidario\"},{\"@type\":\"BreadcrumbList\",\"@id\":\"https:\\\/\\\/www.cavarovellats.com\\\/es\\\/producto\\\/rovellats-solidario\\\/#breadcrumb\",\"itemListElement\":[{\"@type\":\"ListItem\",\"position\":1,\"name\":\"Inici\",\"item\":\"https:\\\/\\\/www.cavarovellats.com\\\/es\\\/\"},{\"@type\":\"ListItem\",\"position\":2,\"name\":\"Cavas y Vinos\",\"item\":\"https:\\\/\\\/www.cavarovellats.com\\\/es\\\/tienda\\\/\"},{\"@type\":\"ListItem\",\"position\":3,\"name\":\"Rovellats Solidario Reserva Brut 2023\"}]},{\"@type\":\"WebSite\",\"@id\":\"https:\\\/\\\/www.cavarovellats.com\\\/es\\\/#website\",\"url\":\"https:\\\/\\\/www.cavarovellats.com\\\/es\\\/\",\"name\":\"Cava Rovellats\",\"description\":\"La terra, les persones, el cava\",\"potentialAction\":[{\"@type\":\"SearchAction\",\"target\":{\"@type\":\"EntryPoint\",\"urlTemplate\":\"https:\\\/\\\/www.cavarovellats.com\\\/es\\\/?s={search_term_string}\"},\"query-input\":{\"@type\":\"PropertyValueSpecification\",\"valueRequired\":true,\"valueName\":\"search_term_string\"}}],\"inLanguage\":\"es\"}]}<\/script>\n<!-- \/ Yoast SEO plugin. -->","yoast_head_json":{"title":"Rovellats Solidario Reserva Brut 2023 - Cava Rovellats","robots":{"index":"index","follow":"follow","max-snippet":"max-snippet:-1","max-image-preview":"max-image-preview:large","max-video-preview":"max-video-preview:-1"},"canonical":"https:\/\/www.cavarovellats.com\/es\/producto\/rovellats-solidario\/","og_locale":"es_ES","og_type":"article","og_title":"Rovellats Solidario Reserva Brut 2023 - Cava Rovellats","og_description":"Rovellats y el Festival Musicveu colaboran con \"Autismo con Futuro\" ROVELLATS Solidario Reserva Brut 2023 Denominaci\u00f3n de origen : DO Cava Crianza m\u00ednima : 24 meses Cosecha : 2023 Temperatura de servicio: de 4\u00baC a 6\u00baC Coupage : 65% Macabeo, 20% Xarel\u00b7lo y 15% Parellada.","og_url":"https:\/\/www.cavarovellats.com\/es\/producto\/rovellats-solidario\/","og_site_name":"Cava Rovellats","article_modified_time":"2025-12-10T08:14:38+00:00","og_image":[{"width":600,"height":900,"url":"https:\/\/www.cavarovellats.com\/wp-content\/uploads\/2023\/12\/rovellats_solidari.jpg","type":"image\/jpeg"}],"twitter_card":"summary_large_image","twitter_misc":{"Tiempo de lectura":"1 minuto"},"schema":{"@context":"https:\/\/schema.org","@graph":[{"@type":"WebPage","@id":"https:\/\/www.cavarovellats.com\/es\/producto\/rovellats-solidario\/","url":"https:\/\/www.cavarovellats.com\/es\/producto\/rovellats-solidario\/","name":"Rovellats Solidario Reserva Brut 2023 - Cava Rovellats","isPartOf":{"@id":"https:\/\/www.cavarovellats.com\/es\/#website"},"primaryImageOfPage":{"@id":"https:\/\/www.cavarovellats.com\/es\/producto\/rovellats-solidario\/#primaryimage"},"image":{"@id":"https:\/\/www.cavarovellats.com\/es\/producto\/rovellats-solidario\/#primaryimage"},"thumbnailUrl":"https:\/\/www.cavarovellats.com\/wp-content\/uploads\/2023\/12\/rovellats_solidari.jpg","datePublished":"2023-12-07T13:05:57+00:00","dateModified":"2025-12-10T08:14:38+00:00","breadcrumb":{"@id":"https:\/\/www.cavarovellats.com\/es\/producto\/rovellats-solidario\/#breadcrumb"},"inLanguage":"es","potentialAction":[{"@type":"ReadAction","target":["https:\/\/www.cavarovellats.com\/es\/producto\/rovellats-solidario\/"]}]},{"@type":"ImageObject","inLanguage":"es","@id":"https:\/\/www.cavarovellats.com\/es\/producto\/rovellats-solidario\/#primaryimage","url":"https:\/\/www.cavarovellats.com\/wp-content\/uploads\/2023\/12\/rovellats_solidari.jpg","contentUrl":"https:\/\/www.cavarovellats.com\/wp-content\/uploads\/2023\/12\/rovellats_solidari.jpg","width":600,"height":900,"caption":"oxidados_solidario"},{"@type":"BreadcrumbList","@id":"https:\/\/www.cavarovellats.com\/es\/producto\/rovellats-solidario\/#breadcrumb","itemListElement":[{"@type":"ListItem","position":1,"name":"Inici","item":"https:\/\/www.cavarovellats.com\/es\/"},{"@type":"ListItem","position":2,"name":"Cavas y Vinos","item":"https:\/\/www.cavarovellats.com\/es\/tienda\/"},{"@type":"ListItem","position":3,"name":"Rovellats Solidario Reserva Brut 2023"}]},{"@type":"WebSite","@id":"https:\/\/www.cavarovellats.com\/es\/#website","url":"https:\/\/www.cavarovellats.com\/es\/","name":"Cava Rovellats","description":"La terra, les persones, el cava","potentialAction":[{"@type":"SearchAction","target":{"@type":"EntryPoint","urlTemplate":"https:\/\/www.cavarovellats.com\/es\/?s={search_term_string}"},"query-input":{"@type":"PropertyValueSpecification","valueRequired":true,"valueName":"search_term_string"}}],"inLanguage":"es"}]}},"_links":{"self":[{"href":"https:\/\/www.cavarovellats.com\/es\/wp-json\/wp\/v2\/product\/3877","targetHints":{"allow":["GET"]}}],"collection":[{"href":"https:\/\/www.cavarovellats.com\/es\/wp-json\/wp\/v2\/product"}],"about":[{"href":"https:\/\/www.cavarovellats.com\/es\/wp-json\/wp\/v2\/types\/product"}],"wp:featuredmedia":[{"embeddable":true,"href":"https:\/\/www.cavarovellats.com\/es\/wp-json\/wp\/v2\/media\/7529"}],"wp:attachment":[{"href":"https:\/\/www.cavarovellats.com\/es\/wp-json\/wp\/v2\/media?parent=3877"}],"wp:term":[{"taxonomy":"product_brand","embeddable":true,"href":"https:\/\/www.cavarovellats.com\/es\/wp-json\/wp\/v2\/product_brand?post=3877"},{"taxonomy":"product_cat","embeddable":true,"href":"https:\/\/www.cavarovellats.com\/es\/wp-json\/wp\/v2\/product_cat?post=3877"},{"taxonomy":"product_tag","embeddable":true,"href":"https:\/\/www.cavarovellats.com\/es\/wp-json\/wp\/v2\/product_tag?post=3877"}],"curies":[{"name":"wp","href":"https:\/\/api.w.org\/{rel}","templated":true}]}}

<div>Esta iniciativa, que combina cultura, música y solidaridad, no sólo ofrece un cava excepcional Reserva 2023 Brut, sino que dedicará el beneficio que se obtenga por la compra de cada botella en el programa “ <strong>Autismo con Futuro</strong> ”.</div>
<div></div>
<div><strong>FICHA TÉCNICA ROVELLATS SOLIDARIO</strong></div>
<div>
<p><strong>Denominación de origen</strong> : DO CAVA, Condados de Barcelona, ​​Subzona Valls de Anoia &#8211; Foix<br />
<strong>Tipo de botella</strong> : Champagne 75 cl, 37.5 cl.<br />
<strong>Crianza mínima</strong>: 24 meses<br />
<strong>Cosecha</strong> : 2023<br />
<strong>Temperatura de servicio</strong> : 4 ºC &#8211; 6 ºC<br />
<strong>Coupage</strong> : 65% Macabeo, 20% Xarel·lo, 15% Parellada.<br />
<strong>1ª Fermentación</strong> : 13 ºC en depósitos de acero inoxidable.<br />
<strong>2ª Fermentación</strong> : Temperatura natural y constante de 13 ºC en las cavas subterráneas.</p>
<p><strong>Notas de Cata</strong> : Color amarillo pajizo brillante con ligeros tonos dorados. Burbuja abundante y pequeña, con buen desprendimiento vertical y regular. Forma buena corona. Intenso y limpio aroma de crianza sobre madres y fondo afrutado. Muy sabroso con elegante paso de boca gracias a un logrado equilibrio. Buena persistencia y amplia vía retronasal con tonos frutales bien armonizados, que recuerdan a las manzanas frescas.<br />
<strong>Maridaje</strong> : Verduras de temporada salteadas o al grill, entrantes de pasta fresca, pescados o marisco. Viandas blancas cocinadas o asadas. </p>
</div>

<p>Rovellats y el Festival Musicveu colaboran con «Autismo con Futuro»</p>
<p><strong>ROVELLATS Solidario Reserva Brut 2023</strong></p>
<p><strong>Denominación de origen</strong> : DO Cava<br />
<strong>Crianza mínima</strong> : 24 meses<br />
<strong>Cosecha</strong> : 2023<br />
Temperatura de servicio: de 4ºC a 6ºC<br />
<strong>Coupage</strong> : 65% Macabeo, 20% Xarel·lo y 15% Parellada.</p>

<!-- This site is optimized with the Yoast SEO plugin v27.5 - https://yoast.com/product/yoast-seo-wordpress/ -->
<title>Rovellats Solidario Reserva Brut 2023 - Cava Rovellats</title>
<meta name="robots" content="index, follow, max-snippet:-1, max-image-preview:large, max-video-preview:-1" />
<link rel="canonical" href="https://www.cavarovellats.com/es/producto/rovellats-solidario/" />
<meta property="og:locale" content="es_ES" />
<meta property="og:type" content="article" />
<meta property="og:title" content="Rovellats Solidario Reserva Brut 2023 - Cava Rovellats" />
<meta property="og:description" content="Rovellats y el Festival Musicveu colaboran con &quot;Autismo con Futuro&quot; ROVELLATS Solidario Reserva Brut 2023 Denominación de origen : DO Cava Crianza mínima : 24 meses Cosecha : 2023 Temperatura de servicio: de 4ºC a 6ºC Coupage : 65% Macabeo, 20% Xarel·lo y 15% Parellada." />
<meta property="og:url" content="https://www.cavarovellats.com/es/producto/rovellats-solidario/" />
<meta property="og:site_name" content="Cava Rovellats" />
<meta property="article:modified_time" content="2025-12-10T08:14:38+00:00" />
<meta property="og:image" content="https://www.cavarovellats.com/wp-content/uploads/2023/12/rovellats_solidari.jpg" />
	<meta property="og:image:width" content="600" />
	<meta property="og:image:height" content="900" />
	<meta property="og:image:type" content="image/jpeg" />
<meta name="twitter:card" content="summary_large_image" />
<meta name="twitter:label1" content="Tiempo de lectura" />
	<meta name="twitter:data1" content="1 minuto" />
<script type="application/ld+json" class="yoast-schema-graph">{"@context":"https:\/\/schema.org","@graph":[{"@type":"WebPage","@id":"https:\/\/www.cavarovellats.com\/es\/producto\/rovellats-solidario\/","url":"https:\/\/www.cavarovellats.com\/es\/producto\/rovellats-solidario\/","name":"Rovellats Solidario Reserva Brut 2023 - Cava Rovellats","isPartOf":{"@id":"https:\/\/www.cavarovellats.com\/es\/#website"},"primaryImageOfPage":{"@id":"https:\/\/www.cavarovellats.com\/es\/producto\/rovellats-solidario\/#primaryimage"},"image":{"@id":"https:\/\/www.cavarovellats.com\/es\/producto\/rovellats-solidario\/#primaryimage"},"thumbnailUrl":"https:\/\/www.cavarovellats.com\/wp-content\/uploads\/2023\/12\/rovellats_solidari.jpg","datePublished":"2023-12-07T13:05:57+00:00","dateModified":"2025-12-10T08:14:38+00:00","breadcrumb":{"@id":"https:\/\/www.cavarovellats.com\/es\/producto\/rovellats-solidario\/#breadcrumb"},"inLanguage":"es","potentialAction":[{"@type":"ReadAction","target":["https:\/\/www.cavarovellats.com\/es\/producto\/rovellats-solidario\/"]}]},{"@type":"ImageObject","inLanguage":"es","@id":"https:\/\/www.cavarovellats.com\/es\/producto\/rovellats-solidario\/#primaryimage","url":"https:\/\/www.cavarovellats.com\/wp-content\/uploads\/2023\/12\/rovellats_solidari.jpg","contentUrl":"https:\/\/www.cavarovellats.com\/wp-content\/uploads\/2023\/12\/rovellats_solidari.jpg","width":600,"height":900,"caption":"oxidados_solidario"},{"@type":"BreadcrumbList","@id":"https:\/\/www.cavarovellats.com\/es\/producto\/rovellats-solidario\/#breadcrumb","itemListElement":[{"@type":"ListItem","position":1,"name":"Inici","item":"https:\/\/www.cavarovellats.com\/es\/"},{"@type":"ListItem","position":2,"name":"Cavas y Vinos","item":"https:\/\/www.cavarovellats.com\/es\/tienda\/"},{"@type":"ListItem","position":3,"name":"Rovellats Solidario Reserva Brut 2023"}]},{"@type":"WebSite","@id":"https:\/\/www.cavarovellats.com\/es\/#website","url":"https:\/\/www.cavarovellats.com\/es\/","name":"Cava Rovellats","description":"La terra, les persones, el cava","potentialAction":[{"@type":"SearchAction","target":{"@type":"EntryPoint","urlTemplate":"https:\/\/www.cavarovellats.com\/es\/?s={search_term_string}"},"query-input":{"@type":"PropertyValueSpecification","valueRequired":true,"valueName":"search_term_string"}}],"inLanguage":"es"}]}</script>
<!-- / Yoast SEO plugin. -->

Rovellats y el Festival Musicveu colaboran con "Autismo con Futuro" ROVELLATS Solidario Reserva Brut 2023 Denominación de origen : DO Cava Crianza mínima : 24 meses Cosecha : 2023 Temperatura de servicio: de 4ºC a 6ºC Coupage : 65% Macabeo, 20% Xarel·lo y 15% Parellada.
